{"id":39,"date":"2015-07-16T19:38:47","date_gmt":"2015-07-16T17:38:47","guid":{"rendered":"http:\/\/w\u00f6rrstadt-rechtsanwalt.de\/?page_id=39"},"modified":"2015-09-15T20:27:01","modified_gmt":"2015-09-15T18:27:01","slug":"mietrecht","status":"publish","type":"page","link":"https:\/\/xn--wrrstadt-rechtsanwalt-hec.de\/?page_id=39","title":{"rendered":"Mietrecht"},"content":{"rendered":"<p>Die Beratung richtet sich an Mieter, aber auch an Vermieter. Einen weiteren Schwerpunkt dieses Fachbereichs bildet die Beratung von Wohnungs\u00adeigent\u00fcmern und Haus\u00adverwaltern bei Fragen des Wohnungs\u00adeigentumsrechts. Im Einzelnen:<\/p>\n<ul>\n<li>Erstellung und Pr\u00fcfung von Mietvertr\u00e4gen im privaten sowie im gewerblichen Mietrecht<\/li>\n<li>Beratung bei K\u00fcndigungen und R\u00e4umungen<\/li>\n<li>Pr\u00fcfung von Mieterh\u00f6hungen<\/li>\n<li>die Geltendmachung und effektive Vollstreckung von r\u00fcckst\u00e4ndigen Mieten<\/li>\n<li>Beratung zu Betriebskostenabrechnungen<\/li>\n<li>Beratung zu Mietminderung bei Mietm\u00e4ngeln<\/li>\n<\/ul>\n","protected":false},"excerpt":{"rendered":"<p>Die Beratung richtet sich an Mieter, aber auch an Vermieter. Einen weiteren Schwerpunkt dieses Fachbereichs bildet die Beratung von Wohnungs\u00adeigent\u00fcmern und Haus\u00adverwaltern bei Fragen des Wohnungs\u00adeigentumsrechts. Im Einzelnen: Erstellung und Pr\u00fcfung von Mietvertr\u00e4gen im privaten sowie im gewerblichen Mietrecht Beratung bei K\u00fcndigungen und R\u00e4umungen Pr\u00fcfung von Mieterh\u00f6hungen die Geltendmachung und effektive Vollstreckung von r\u00fcckst\u00e4ndigen Mieten &#8230; <a class=\"read-more\" href=\"https:\/\/xn--wrrstadt-rechtsanwalt-hec.de\/?page_id=39\">Mehr lesen<\/a><\/p>\n","protected":false},"author":1,"featured_media":0,"parent":0,"menu_order":4,"comment_status":"closed","ping_status":"closed","template":"","meta":[],"_links":{"self":[{"href":"https:\/\/xn--wrrstadt-rechtsanwalt-hec.de\/index.php?rest_route=\/wp\/v2\/pages\/39"}],"collection":[{"href":"https:\/\/xn--wrrstadt-rechtsanwalt-hec.de\/index.php?rest_route=\/wp\/v2\/pages"}],"about":[{"href":"https:\/\/xn--wrrstadt-rechtsanwalt-hec.de\/index.php?rest_route=\/wp\/v2\/types\/page"}],"author":[{"embeddable":true,"href":"https:\/\/xn--wrrstadt-rechtsanwalt-hec.de\/index.php?rest_route=\/wp\/v2\/users\/1"}],"replies":[{"embeddable":true,"href":"https:\/\/xn--wrrstadt-rechtsanwalt-hec.de\/index.php?rest_route=%2Fwp%2Fv2%2Fcomments&post=39"}],"version-history":[{"count":9,"href":"https:\/\/xn--wrrstadt-rechtsanwalt-hec.de\/index.php?rest_route=\/wp\/v2\/pages\/39\/revisions"}],"predecessor-version":[{"id":118,"href":"https:\/\/xn--wrrstadt-rechtsanwalt-hec.de\/index.php?rest_route=\/wp\/v2\/pages\/39\/revisions\/118"}],"wp:attachment":[{"href":"https:\/\/xn--wrrstadt-rechtsanwalt-hec.de\/index.php?rest_route=%2Fwp%2Fv2%2Fmedia&parent=39"}],"curies":[{"name":"wp","href":"https:\/\/api.w.org\/{rel}","templated":true}]}}